{"id":71372,"date":"2026-01-15T10:00:37","date_gmt":"2026-01-15T09:00:37","guid":{"rendered":"https:\/\/www.arcusin.com\/?post_type=product&#038;p=71372"},"modified":"2026-03-06T13:38:03","modified_gmt":"2026-03-06T12:38:03","slug":"braga-de-cuello-arcusin-estampado-abstracto","status":"publish","type":"product","link":"https:\/\/www.arcusin.com\/es\/producto\/braga-de-cuello-arcusin-estampado-abstracto\/","title":{"rendered":"BRAGA DE CUELLO ARCUSIN ESTAMPADO ABSTRACTO"},"content":{"rendered":"","protected":false},"excerpt":{"rendered":"<p>Braga de cuello de edici\u00f3n limitada, fabricada en Barcelona, \u200b\u200bcon un 95 % de algod\u00f3n reciclado. C\u00f3moda, vers\u00e1til y con protecci\u00f3n solar UPF 50.<\/p>\n","protected":false},"featured_media":71373,"comment_status":"closed","ping_status":"closed","template":"","meta":{"content-type":""},"product_brand":[],"product_cat":[575],"product_tag":[],"class_list":{"0":"post-71372","1":"product","2":"type-product","3":"status-publish","4":"has-post-thumbnail","6":"product_cat-merchandising","8":"first","9":"outofstock","10":"taxable","11":"shipping-taxable","12":"purchasable","13":"product-type-simple"},"_links":{"self":[{"href":"https:\/\/www.arcusin.com\/es\/wp-json\/wp\/v2\/product\/71372","targetHints":{"allow":["GET"]}}],"collection":[{"href":"https:\/\/www.arcusin.com\/es\/wp-json\/wp\/v2\/product"}],"about":[{"href":"https:\/\/www.arcusin.com\/es\/wp-json\/wp\/v2\/types\/product"}],"replies":[{"embeddable":true,"href":"https:\/\/www.arcusin.com\/es\/wp-json\/wp\/v2\/comments?post=71372"}],"wp:featuredmedia":[{"embeddable":true,"href":"https:\/\/www.arcusin.com\/es\/wp-json\/wp\/v2\/media\/71373"}],"wp:attachment":[{"href":"https:\/\/www.arcusin.com\/es\/wp-json\/wp\/v2\/media?parent=71372"}],"wp:term":[{"taxonomy":"product_brand","embeddable":true,"href":"https:\/\/www.arcusin.com\/es\/wp-json\/wp\/v2\/product_brand?post=71372"},{"taxonomy":"product_cat","embeddable":true,"href":"https:\/\/www.arcusin.com\/es\/wp-json\/wp\/v2\/product_cat?post=71372"},{"taxonomy":"product_tag","embeddable":true,"href":"https:\/\/www.arcusin.com\/es\/wp-json\/wp\/v2\/product_tag?post=71372"}],"curies":[{"name":"wp","href":"https:\/\/api.w.org\/{rel}","templated":true}]}}

<p>Braga de cuello de edición limitada, fabricada en Barcelona, ​​con un 95 % de algodón reciclado. Cómoda, versátil y con protección solar UPF 50.</p>
